 of o and 119?
7
Suppose 3613 + 1691 = 39*h. Calculate the greatest common divisor of 32 and h.
8
Let w = -51 - -77. Let y = 1041 + -976. What is the greatest common divisor of w and y?
13
Let j(p) = 13 + 15*p**2 - 7*p - 4*p - 14*p**2. Let y be j(7). Let z be 10/(4 - (-50)/y). What is the highest common factor of z and 135?
15
Let a(b) = 8*b + 182. Let l be a(-14). What is the highest common divisor of l and 80?
10
Suppose h = b, -5*h - 26 = 4*b - 35. What is the greatest common factor of b and 303?
1
Let x be ((-10)/(-20))/((-2 + 5)/264). Suppose -5*a + 20 = -5*p, 3*a - 12 = 3*p - p. What is the greatest common divisor of x and a?
4
Let v be 1/((-1)/4*-4) + 11. What is the highest common divisor of 348 and v?
12
Let s = 863 + -815. Calculate the greatest common factor of s and 464.
16
Let b(u) = 6*u + 66. Let y be b(-11). Suppose 0 = -y*w - 4*w + 88. What is the greatest common divisor of 77 and w?
11
Let v(y) = 6*y**2 + y + 9. Let m be v(-3). Calculate the greatest common divisor of 1020 and m.
60
Suppose 0*i = i - 80. Let d be (-11 - -16)*(-76)/10. Let a = i + d. Calculate the greatest common divisor of 6 and a.
6
Let w = 8 + -14. Let j(x) = 2*x**2 + 14*x + 7. Let u be j(w). Let n be (-17)/(-5) - (-2)/u. Calculate the greatest common divisor of n and 3.
3
Suppose 2 = 2*z, 1855 = 2*n - 2*z - 215. What is the highest common factor of n and 222?
74
Suppose 0*n + 2*n - 258 = -4*u, 319 = 5*u - n. Let q be (-1 - 10/(-4))*-5*(-304)/285. Calculate the highest common divisor of q and u.
8
Let h be (2 - (-2 + 2))/((-6)/(-39)). Let i(o) = 8*o**2 - 6*o - 2. Let d be i(-5). Let w = d - 137. Calculate the greatest common divisor of h and w.
13
Let r be 2/(-4) + (-38)/4. Let w = r + 12. Suppose w*z - 12 = -0*z + 4*h, -4*z = h - 51. Calculate the greatest common divisor of 12 and z.
12
Suppose 527*r = 520*r + 196. Calculate the greatest common divisor of 56 and r.
28
Let u(j) = 9*j**3 - 6*j + 9. Let a be u(2). Calculate the highest common divisor of a and 3.
3
Suppose 0 = -15*a - 2*a + 357. What is the highest common divisor of a and 24?
3
Let c be 3/(-12)*-2 - (-30)/12. Suppose o + 4*o = 4*i - 31, -c*i + 4*o + 24 = 0. Calculate the greatest common factor of i and 1.
1
Let w = 161 + -54. Suppose -w + 22 = -5*b. What is the greatest common divisor of 153 and b?
17
Suppose -2*i = -i - 4*g - 42, 3*i = -g + 100. Let d(s) = -21*s**3 - 3*s**2 - 12*s - 10. Let v be d(-2). What is the greatest common divisor of i and v?
34
Let r(s) = -2*s**2 + 2*s**2 - 9 - 8*s + s**2 - 3*s**2. Let c be r(-6). Let t be c*((-8)/6)/1. Calculate the highest common factor of 11 and t.
11
Suppose 3*r - 18 = -0*r. Let z(a) = -41*a + 252. Let l be z(6). What is the highest common divisor of r and l?
6
Suppose l + 47 - 2 = 0. Let n = -39 - l. Let p = 3 + 6. Calculate the highest common divisor of p and n.
3
Suppose 3*q - 156 = 117. Let i(f) = -f**2 - 6*f + 8. Let l be i(-6). Suppose -l - 5 = -k. Calculate the greatest common divisor of q and k.
13
Let r(o) = 2*o**2 + 36*o - 295. Let t be r(7). What is the highest common divisor of t and 45?
5
Let z = 125 + -121. Let i(u) = 4*u - 10. Let h be i(z). What is the highest common divisor of h and 3?
3
Suppose 2*x + 2*x = 336. Let g(b) = 4 - 3 - 2*b + 4*b + 1. Let o be g(6). Calculate the greatest common divisor of o and x.
14
Suppose 16 = 5*o + 2*v, -3*o + 4*v + 14 = 3*v. Suppose -o*z = -0*z - 196. Suppose 1 = -s + z. What is the greatest common divisor of 16 and s?
16
Suppose 2 + 6 = -g. Let y be (-700)/g*(-8)/(-10). Calculate the highest common divisor of 10 and y.
10
Suppose -5*y + l + 3 = 28, y - 9 = 3*l. Let d(f) be the first derivative of -2*f**2 - 8*f + 1. Let q be d(y). Calculate the highest common factor of 40 and q.
8
Let r be (-42)/(3/36 - 6/8). Calculate the greatest common divisor of 7 and r.
7
Suppose 0*f = 3*u + 5*f - 275, 3*u = -f + 271. Let y = 22 + 8. Let x = -15 + y. What is the highest common factor of x and u?
15
Suppose 2*u - 97 = -5*f, -6*u + 2*u - 53 = -3*f. Let v be -8 + -11 + 15 + 118. Calculate the highest common factor of v and f.
19
Suppose k = -3 + 15. What is the highest common factor of k and 48?
12
Let x(i) = 4*i - 21. Let u(y) = -y. Let c(h) = -6*u(h) - 2*x(h). Let j be 0/(-4 + 20/4). Let n be c(j). Calculate the highest common divisor of 21 and n.
21
Let x(q) = -q**3 - 22*q**2 - 11*q - 32. Let c be x(-22). Suppose -2*t + 126 = t. What is the highest common divisor of t and c?
42
Let z(d) = -31*d + 219. Let y be z(-16). Calculate the greatest common factor of y and 429.
143
Let w = -231 + 357. Let z(r) = -2*r + 11. Let m be z(4). Let o be m*(-1 - (-57)/9) + 2. Calculate the highest common divisor of w and o.
18
Suppose -2*r = 5*k - r + 108, -3*r = -6. Let q = -35 + 67. Let c = q + k. What is the highest common factor of c and 40?
10
Let w be 2 + (-170)/(-6) + 296/111. Suppose 3*r = -0*r + 99. Calculate the highest common factor of r and w.
33
Suppose -4*i + 19 = 3*r - 18, -4*r = 5*i - 50. Let o = 21 - r. Calculate the greatest common factor of 30 and o.
6
Suppose 0 = 157*o - 131*o - 29250. Calculate the highest common divisor of o and 90.
45
Let x = 110 - 70. Suppose -3*z - 2*z = -x. Let a = -1821 - -1885. Calculate the greatest common divisor of a and z.
8
Suppose -140 = 3*t - 599. Calculate the highest common factor of t and 561.
51
Let j(o) = -o**2 - 6*o - 3. Let v be j(-5). Suppose -11 = v*t + 21. Let d = 23 + t. What is the highest common factor of 21 and d?
7
Let c be (-3441)/(-4) + (-154)/616. Calculate the greatest common divisor of c and 43.
43
Let a be (6/9)/((-2)/(-12)). Suppose 4*v + 352 = a*k - 0*k, 0 = -k - 5*v + 64. Let x be -2 + (-1)/((-1)/14). Calculate the greatest common divisor of x and k.
12
Let r = 354 + -207. Let m = 65 - 44. What is the highest common divisor of r and m?
21
Let r(t) = 3*t. Let l be r(8). Suppose 0 = -7*z + 29*z - 2640. What is the greatest common factor of l and z?
24
Suppose -8*p + 3*p = -5*f - 140, -2*p = -f - 51. Let u(x) = 5*x**2 - 2*x - 1. Let w be u(-2). What is the greatest common factor of w and p?
23
Let t be 128/320*(1 + (1 - -478)). What is the greatest common factor of 12 and t?
12
Suppose -46*p - 5*a = -43*p - 43, 0 = 5*a - 25. Suppose 44 = 2*y - 3*w, -3*w - 40 = -2*y - w. Calculate the highest common factor of p and y.
2
Suppose -4*v - 15 = -v. Let n be (-8)/v*(-100)/(-10). Calculate the highest common divisor of 16 and n.
16
Let f be (-2)/(-9) - (106733/(-99))/31. Let j = 129 - -256. Calculate the greatest common factor of f and j.
35
Let v(t) = -t**3 + 7*t**2 + 10*t - 10. Let k be v(7). Calculate the greatest common factor of 80 and k.
20
Suppose 8*b = 755 + 2485. Suppose b = 11*t + 75. Calculate the highest common factor of 20 and t.
10
Let s be 6/4*(-22)/(-11). Suppose 23 = s*q - 0*q - d, 34 = 2*q + 4*d. Let g be 1*(-2 + 1)*-1. What is the highest common divisor of q and g?
1
Suppose 10*k = h + 5*k - 329, -5*h = 5*k - 1795. Calculate the greatest common divisor of h and 6.
6
Suppose y - 2 = 5*c, -2 = 5*c - 3*y + 4. Suppose c*b = -2*b + 46. What is the greatest common factor of 23 and b?
23
Suppose 4 = -f, 5*m - 2*f = 3556 - 748. What is the highest common divisor of m and 35?
35
Let h = -12 + 28. Let f = 3 - 1. Suppose -4*o + 4 = 0, -f*y - 3*o = -0*o - 11. Calculate the greatest common divisor of y and h.
4
Suppose 0 = c - 4*n - 6 - 25, c - 3*n = 28. Calculate the highest common factor of 589 and c.
19
Let k(x) = 2*x**2 + 8*x - 6. Let b be k(-7). Suppose -183 = -5*j + 3*s + 12, -j - 4*s + 16 = 0. What is the highest common factor of b and j?
36
Let m be (-3)/(-1 - 0/4). Suppose 4 + 8 = c - 5*l, m*c - 72 = 3*l. Let h be 4/(-6)*(-325 + 1). Calculate the highest common factor of h and c.
27
Let u(q) = 26*q + 286. Let g be u(6). What is the greatest common factor of g and 78?
26
Suppose k - 3 = 0, -11*h - 2*k + 222 = -8*h. Calculate the greatest common factor of 2 and h.
2
Let v = 456 - 404. Calculate the highest common factor of v and 13.
13
Let f = -8385 - -8389. Let d = -69 - -20. Let h = -17 - d. Calculate the greatest common factor of h and f.
4
Let y be (-458)/(-14) + (-12)/(-42). Suppose 0 = m + y + 37. Let x = m + 160. Calculate the highest common factor of x and 36.
18
Let z(b) be the second derivative of b**5/20 + b**4/12 - 7*b**2 + 2*b. Let h